{"id":356,"date":"2020-11-07T18:19:08","date_gmt":"2020-11-07T18:19:08","guid":{"rendered":"https:\/\/rioluisaesp.com.co\/?page_id=356"},"modified":"2020-12-15T20:18:29","modified_gmt":"2020-12-15T20:18:29","slug":"contratos","status":"publish","type":"page","link":"https:\/\/rioluisaesp.com.co\/?page_id=356","title":{"rendered":"Contratos"},"content":{"rendered":"\t\t<div data-elementor-type=\"wp-page\" data-elementor-id=\"356\" class=\"elementor elementor-356\" data-elementor-settings=\"[]\">\n\t\t\t\t\t\t<div class=\"elementor-inner\">\n\t\t\t\t\t\t\t<div class=\"elementor-section-wrap\">\n\t\t\t\t\t\t\t<section class=\"elementor-section elementor-top-section elementor-element elementor-element-e7cf1ae elementor-section-height-min-height elementor-section-content-middle elementor-section-boxed elementor-section-height-default elementor-section-items-middle\" data-id=\"e7cf1ae\" data-element_type=\"section\" data-settings=\"{&quot;background_background&quot;:&quot;classic&quot;,&quot;background_motion_fx_motion_fx_mouse&quot;:&quot;yes&quot;}\">\n\t\t\t\t\t\t\t<div class=\"elementor-background-overlay\"><\/div>\n\t\t\t\t\t\t\t<div class=\"elementor-container elementor-column-gap-default\">\n\t\t\t\t\t\t\t<div class=\"elementor-row\">\n\t\t\t\t\t<div class=\"elementor-column elementor-col-100 elementor-top-column elementor-element elementor-element-90f4c79\" data-id=\"90f4c79\" data-element_type=\"column\">\n\t\t\t<div class=\"elementor-column-wrap elementor-element-populated\">\n\t\t\t\t\t\t\t<div class=\"elementor-widget-wrap\">\n\t\t\t\t\t\t<div class=\"elementor-element elementor-element-7a79960 elementor-widget elementor-widget-heading\" data-id=\"7a79960\" data-element_type=\"widget\" data-widget_type=\"heading.default\">\n\t\t\t\t<div class=\"elementor-widget-container\">\n\t\t\t<h2 class=\"elementor-heading-title elementor-size-default\">Noticias<\/h2>\t\t<\/div>\n\t\t\t\t<\/div>\n\t\t\t\t<div class=\"elementor-element elementor-element-2f27f9b elementor-widget-divider--view-line elementor-widget elementor-widget-divider\" data-id=\"2f27f9b\" data-element_type=\"widget\" data-widget_type=\"divider.default\">\n\t\t\t\t<div class=\"elementor-widget-container\">\n\t\t\t\t\t<div class=\"elementor-divider\">\n\t\t\t<span class=\"elementor-divider-separator\">\n\t\t\t\t\t\t<\/span>\n\t\t<\/div>\n\t\t\t\t<\/div>\n\t\t\t\t<\/div>\n\t\t\t\t<div class=\"elementor-element elementor-element-b5add6c elementor-widget elementor-widget-heading\" data-id=\"b5add6c\" data-element_type=\"widget\" data-widget_type=\"heading.default\">\n\t\t\t\t<div class=\"elementor-widget-container\">\n\t\t\t<h3 class=\"elementor-heading-title elementor-size-default\">Informaci\u00f3n general<\/h3>\t\t<\/div>\n\t\t\t\t<\/div>\n\t\t\t\t\t\t<\/div>\n\t\t\t\t\t<\/div>\n\t\t<\/div>\n\t\t\t\t\t\t\t\t<\/div>\n\t\t\t\t\t<\/div>\n\t\t<\/section>\n\t\t\t\t<section class=\"elementor-section elementor-top-section elementor-element elementor-element-d17fa22 elementor-section-content-middle elementor-section-boxed elementor-section-height-default elementor-section-height-default\" data-id=\"d17fa22\" data-element_type=\"section\" data-settings=\"{&quot;background_background&quot;:&quot;classic&quot;}\">\n\t\t\t\t\t\t<div class=\"elementor-container elementor-column-gap-default\">\n\t\t\t\t\t\t\t<div class=\"elementor-row\">\n\t\t\t\t\t<div class=\"elementor-column elementor-col-50 elementor-top-column elementor-element elementor-element-bd710de\" data-id=\"bd710de\" data-element_type=\"column\">\n\t\t\t<div class=\"elementor-column-wrap elementor-element-populated\">\n\t\t\t\t\t\t\t<div class=\"elementor-widget-wrap\">\n\t\t\t\t\t\t<div class=\"elementor-element elementor-element-ee64a5f elementor-widget elementor-widget-heading\" data-id=\"ee64a5f\" data-element_type=\"widget\" data-widget_type=\"heading.default\">\n\t\t\t\t<div class=\"elementor-widget-container\">\n\t\t\t<h2 class=\"elementor-heading-title elementor-size-default\">Secci\u00f3n de contenidos<\/h2>\t\t<\/div>\n\t\t\t\t<\/div>\n\t\t\t\t\t\t<\/div>\n\t\t\t\t\t<\/div>\n\t\t<\/div>\n\t\t\t\t<div class=\"elementor-column elementor-col-50 elementor-top-column elementor-element elementor-element-775e7cd\" data-id=\"775e7cd\" data-element_type=\"column\">\n\t\t\t<div class=\"elementor-column-wrap elementor-element-populated\">\n\t\t\t\t\t\t\t<div class=\"elementor-widget-wrap\">\n\t\t\t\t\t\t<section class=\"elementor-section elementor-inner-section elementor-element elementor-element-e229f91 elementor-section-boxed elementor-section-height-default elementor-section-height-default\" data-id=\"e229f91\" data-element_type=\"section\">\n\t\t\t\t\t\t<div class=\"elementor-container elementor-column-gap-default\">\n\t\t\t\t\t\t\t<div class=\"elementor-row\">\n\t\t\t\t\t<div class=\"elementor-column elementor-col-100 elementor-inner-column elementor-element elementor-element-9ed09b7\" data-id=\"9ed09b7\" data-element_type=\"column\">\n\t\t\t<div class=\"elementor-column-wrap elementor-element-populated\">\n\t\t\t\t\t\t\t<div class=\"elementor-widget-wrap\">\n\t\t\t\t\t\t<div class=\"elementor-element elementor-element-73f2b7f elementor-widget elementor-widget-text-editor\" data-id=\"73f2b7f\" data-element_type=\"widget\" data-widget_type=\"text-editor.default\">\n\t\t\t\t<div class=\"elementor-widget-container\">\n\t\t\t\t\t<div class=\"elementor-text-editor elementor-clearfix\"><p>Informaci\u00f3n general de inter\u00e9s p\u00fablico acerca de la contrataci\u00f3n de la empresa de servicios p\u00fablicos RIO LUISA S.A.<\/p><\/div>\n\t\t\t\t<\/div>\n\t\t\t\t<\/div>\n\t\t\t\t\t\t<\/div>\n\t\t\t\t\t<\/div>\n\t\t<\/div>\n\t\t\t\t\t\t\t\t<\/div>\n\t\t\t\t\t<\/div>\n\t\t<\/section>\n\t\t\t\t\t\t<\/div>\n\t\t\t\t\t<\/div>\n\t\t<\/div>\n\t\t\t\t\t\t\t\t<\/div>\n\t\t\t\t\t<\/div>\n\t\t<\/section>\n\t\t\t\t<section class=\"elementor-section elementor-top-section elementor-element elementor-element-06181ac elementor-section-content-middle elementor-section-boxed elementor-section-height-default elementor-section-height-default\" data-id=\"06181ac\" data-element_type=\"section\">\n\t\t\t\t\t\t<div class=\"elementor-container elementor-column-gap-default\">\n\t\t\t\t\t\t\t<div class=\"elementor-row\">\n\t\t\t\t\t<div class=\"elementor-column elementor-col-100 elementor-top-column elementor-element elementor-element-60acadf\" data-id=\"60acadf\" data-element_type=\"column\">\n\t\t\t<div class=\"elementor-column-wrap elementor-element-populated\">\n\t\t\t\t\t\t\t<div class=\"elementor-widget-wrap\">\n\t\t\t\t\t\t<div class=\"elementor-element elementor-element-daf43f7 elementor-posts__hover-none elementor-grid-3 elementor-grid-tablet-2 elementor-grid-mobile-1 elementor-posts--thumbnail-top elementor-posts--show-avatar elementor-card-shadow-yes elementor-widget elementor-widget-posts\" data-id=\"daf43f7\" data-element_type=\"widget\" data-settings=\"{&quot;cards_row_gap&quot;:{&quot;unit&quot;:&quot;px&quot;,&quot;size&quot;:30,&quot;sizes&quot;:[]},&quot;cards_columns&quot;:&quot;3&quot;,&quot;cards_columns_tablet&quot;:&quot;2&quot;,&quot;cards_columns_mobile&quot;:&quot;1&quot;}\" data-widget_type=\"posts.cards\">\n\t\t\t\t<div class=\"elementor-widget-container\">\n\t\t\t\t\t<div class=\"elementor-posts-container elementor-posts elementor-posts--skin-cards elementor-grid\">\n\t\t\t\t<article class=\"elementor-post elementor-grid-item post-778 post type-post status-publish format-standard hentry category-contratacion\">\n\t\t\t<div class=\"elementor-post__card\">\n\t\t\t\t<div class=\"elementor-post__text\">\n\t\t\t\t<h3 class=\"elementor-post__title\">\n\t\t\t<a href=\"https:\/\/rioluisaesp.com.co\/?p=778\" >\n\t\t\t\tINVITACI\u00d3N PRIVADA NO. 039 DE 2025\t\t\t<\/a>\n\t\t<\/h3>\n\t\t\t\t<div class=\"elementor-post__excerpt\">\n\t\t\t<p>CONTRATAR LA PRESTACI\u00d3N DEL SERVICIO DE TRANSPORTE DE AGUA POTABLE PARA LOS HABITANTES DE LAS VEREDAS TOMOG\u00d3, LA FLOR, JAGUAFLOR Y CARACOL\u00cd DEL MUNICIPIO DE<\/p>\n\t\t<\/div>\n\t\t\t\t\t<a class=\"elementor-post__read-more\" href=\"https:\/\/rioluisaesp.com.co\/?p=778\" >\n\t\t\t\tLeer m\u00e1s \u00bb\t\t\t<\/a>\n\t\t\t\t<\/div>\n\t\t\t\t<div class=\"elementor-post__meta-data\">\n\t\t\t\t\t<span class=\"elementor-post-date\">\n\t\t\tjulio 30, 2025\t\t<\/span>\n\t\t\t\t<span class=\"elementor-post-avatar\">\n\t\t\tNo hay comentarios\t\t<\/span>\n\t\t\t\t<\/div>\n\t\t\t\t\t<\/div>\n\t\t<\/article>\n\t\t\t\t<article class=\"elementor-post elementor-grid-item post-701 post type-post status-publish format-standard hentry category-contratacion\">\n\t\t\t<div class=\"elementor-post__card\">\n\t\t\t\t<div class=\"elementor-post__text\">\n\t\t\t\t<h3 class=\"elementor-post__title\">\n\t\t\t<a href=\"https:\/\/rioluisaesp.com.co\/?p=701\" >\n\t\t\t\tInvitaci\u00f3n Privada N\u00ba 002 de 2021 \u2013 Mantenimiento Preventivo y\/o Correctivo al Carro Compactador SMR-388 de la Empresa de Servicios P\u00fablicos Rio Luisa SA E.S.P\t\t\t<\/a>\n\t\t<\/h3>\n\t\t\t\t<div class=\"elementor-post__excerpt\">\n\t\t\t<p>Estudios Previos Pliego de Condiciones<\/p>\n\t\t<\/div>\n\t\t\t\t\t<a class=\"elementor-post__read-more\" href=\"https:\/\/rioluisaesp.com.co\/?p=701\" >\n\t\t\t\tLeer m\u00e1s \u00bb\t\t\t<\/a>\n\t\t\t\t<\/div>\n\t\t\t\t<div class=\"elementor-post__meta-data\">\n\t\t\t\t\t<span class=\"elementor-post-date\">\n\t\t\tnoviembre 23, 2021\t\t<\/span>\n\t\t\t\t<span class=\"elementor-post-avatar\">\n\t\t\tNo hay comentarios\t\t<\/span>\n\t\t\t\t<\/div>\n\t\t\t\t\t<\/div>\n\t\t<\/article>\n\t\t\t\t<article class=\"elementor-post elementor-grid-item post-691 post type-post status-publish format-standard hentry category-contratacion\">\n\t\t\t<div class=\"elementor-post__card\">\n\t\t\t\t<div class=\"elementor-post__text\">\n\t\t\t\t<h3 class=\"elementor-post__title\">\n\t\t\t<a href=\"https:\/\/rioluisaesp.com.co\/?p=691\" >\n\t\t\t\tInvitaci\u00f3n Privada N\u00ba 001 de 2021 \u2013 Elaboraci\u00f3n de los Estudios y Dise\u00f1os para la Optimizaci\u00f3n del Sistema de Red de Distribuci\u00f3n para el Acueducto de las Veredas Caracol\u00ed, La Jagua, Jagua Flor y Bartolito del Municipio de San Luis &#8211; Tolima\t\t\t<\/a>\n\t\t<\/h3>\n\t\t\t\t<div class=\"elementor-post__excerpt\">\n\t\t\t<p>Estudios Previos Pliego de Condiciones Acta de Verificacio\u0301n y Evaluacio\u0301n de las Propuestas Te\u0301cnicas, Juri\u0301dicas y Econo\u0301mica Aviso de Fijacio\u0301n del Informe de Evaluacio\u0301n de<\/p>\n\t\t<\/div>\n\t\t\t\t\t<a class=\"elementor-post__read-more\" href=\"https:\/\/rioluisaesp.com.co\/?p=691\" >\n\t\t\t\tLeer m\u00e1s \u00bb\t\t\t<\/a>\n\t\t\t\t<\/div>\n\t\t\t\t<div class=\"elementor-post__meta-data\">\n\t\t\t\t\t<span class=\"elementor-post-date\">\n\t\t\tnoviembre 16, 2021\t\t<\/span>\n\t\t\t\t<span class=\"elementor-post-avatar\">\n\t\t\tNo hay comentarios\t\t<\/span>\n\t\t\t\t<\/div>\n\t\t\t\t\t<\/div>\n\t\t<\/article>\n\t\t\t\t<article class=\"elementor-post elementor-grid-item post-619 post type-post status-publish format-standard hentry category-contratacion\">\n\t\t\t<div class=\"elementor-post__card\">\n\t\t\t\t<div class=\"elementor-post__text\">\n\t\t\t\t<h3 class=\"elementor-post__title\">\n\t\t\t<a href=\"https:\/\/rioluisaesp.com.co\/?p=619\" >\n\t\t\t\tInvitaci\u00f3n P\u00fablica N\u00ba 001 de 2020 \u2013 La Construcci\u00f3n de la Red de Alcantarillado del Sector de la Calle 12 Entre Carrera 6 y 8, y Mejoramiento de la Red de Alcantarillado en el Sector de la Calle 9 Entre Carrera 3 y 5 en el Corregimiento de Payande del Municipio de San Luis Tolima\t\t\t<\/a>\n\t\t<\/h3>\n\t\t\t\t<div class=\"elementor-post__excerpt\">\n\t\t\t<p>Resoluci\u00f3n 069 de 2020 &#8211; Resoluci\u00f3n de Apertura &#8211; Invitaci\u00f3n P\u00fablica N\u00ba 001 de 2020 Pliego de Condiciones Definitivo &#8211; Invitaci\u00f3n P\u00fablica N\u00ba 001 de<\/p>\n\t\t<\/div>\n\t\t\t\t\t<a class=\"elementor-post__read-more\" href=\"https:\/\/rioluisaesp.com.co\/?p=619\" >\n\t\t\t\tLeer m\u00e1s \u00bb\t\t\t<\/a>\n\t\t\t\t<\/div>\n\t\t\t\t<div class=\"elementor-post__meta-data\">\n\t\t\t\t\t<span class=\"elementor-post-date\">\n\t\t\tdiciembre 22, 2020\t\t<\/span>\n\t\t\t\t<span class=\"elementor-post-avatar\">\n\t\t\tNo hay comentarios\t\t<\/span>\n\t\t\t\t<\/div>\n\t\t\t\t\t<\/div>\n\t\t<\/article>\n\t\t\t\t<\/div>\n\t\t\t\t<\/div>\n\t\t\t\t<\/div>\n\t\t\t\t\t\t<\/div>\n\t\t\t\t\t<\/div>\n\t\t<\/div>\n\t\t\t\t\t\t\t\t<\/div>\n\t\t\t\t\t<\/div>\n\t\t<\/section>\n\t\t\t\t<section class=\"elementor-section elementor-top-section elementor-element elementor-element-dc27e4a elementor-section-content-middle elementor-section-boxed elementor-section-height-default elementor-section-height-default\" data-id=\"dc27e4a\" data-element_type=\"section\" data-settings=\"{&quot;background_background&quot;:&quot;classic&quot;}\">\n\t\t\t\t\t\t<div class=\"elementor-container elementor-column-gap-default\">\n\t\t\t\t\t\t\t<div class=\"elementor-row\">\n\t\t\t\t\t<div class=\"elementor-column elementor-col-25 elementor-top-column elementor-element elementor-element-6525a17\" data-id=\"6525a17\" data-element_type=\"column\">\n\t\t\t<div class=\"elementor-column-wrap elementor-element-populated\">\n\t\t\t\t\t\t\t<div class=\"elementor-widget-wrap\">\n\t\t\t\t\t\t<div class=\"elementor-element elementor-element-98895a1 elementor-widget elementor-widget-heading\" data-id=\"98895a1\" data-element_type=\"widget\" data-widget_type=\"heading.default\">\n\t\t\t\t<div class=\"elementor-widget-container\">\n\t\t\t<h2 class=\"elementor-heading-title elementor-size-default\">Servicios de gesti\u00f3n<\/h2>\t\t<\/div>\n\t\t\t\t<\/div>\n\t\t\t\t<div class=\"elementor-element elementor-element-7fe8695 elementor-widget elementor-widget-heading\" data-id=\"7fe8695\" data-element_type=\"widget\" data-widget_type=\"heading.default\">\n\t\t\t\t<div class=\"elementor-widget-container\">\n\t\t\t<h3 class=\"elementor-heading-title elementor-size-default\">Nuestra oferta de servicio.<\/h3>\t\t<\/div>\n\t\t\t\t<\/div>\n\t\t\t\t\t\t<\/div>\n\t\t\t\t\t<\/div>\n\t\t<\/div>\n\t\t\t\t<div class=\"elementor-column elementor-col-25 elementor-top-column elementor-element elementor-element-ef52516\" data-id=\"ef52516\" data-element_type=\"column\">\n\t\t\t<div class=\"elementor-column-wrap elementor-element-populated\">\n\t\t\t\t\t\t\t<div class=\"elementor-widget-wrap\">\n\t\t\t\t\t\t<div class=\"elementor-element elementor-element-b754ea8 elementor-view-default elementor-position-top elementor-vertical-align-top elementor-widget elementor-widget-icon-box\" data-id=\"b754ea8\" data-element_type=\"widget\" data-widget_type=\"icon-box.default\">\n\t\t\t\t<div class=\"elementor-widget-container\">\n\t\t\t\t\t<div class=\"elementor-icon-box-wrapper\">\n\t\t\t\t\t\t<div class=\"elementor-icon-box-icon\">\n\t\t\t\t<a class=\"elementor-icon elementor-animation-grow\" href=\"https:\/\/rioluisaesp.com.co\/acueducto\/\">\n\t\t\t\t<svg xmlns=\"http:\/\/www.w3.org\/2000\/svg\" id=\"Capa_1\" data-name=\"Capa 1\" viewBox=\"0 0 200 200\"><path d=\"M114.71,35.87c-4.5-5.25-8.56-9.9-11.71-13.81-.15-.3-.45-.45-.6-.6a3.83,3.83,0,0,0-5.4.6C93.85,26,89.79,30.62,85.29,35.87,65.47,59,38,90.82,38,117.39v3.15c0,.3.15.6.15,1a62,62,0,0,0,105.69,39.63A62.3,62.3,0,0,0,161.4,126c.15-1.2.3-2.56.45-3.91.15-1.5.15-3.15.15-4.8C162,90.67,134.53,58.84,114.71,35.87Zm23.72,120a54.38,54.38,0,0,1-92.77-36.33,25.23,25.23,0,0,1,50.44,1.05,33.44,33.44,0,0,0,9.6,23.27A32.54,32.54,0,0,0,129,153.42,32.07,32.07,0,0,0,143.54,150,48.45,48.45,0,0,1,138.43,155.82Zm15.91-35.88v1.2a35,35,0,0,1-.45,3.91,25.65,25.65,0,0,1-6.9,13.21,25.2,25.2,0,0,1-17.87,7.35,25.72,25.72,0,0,1-17.86-7.35,25.21,25.21,0,0,1-7.36-17.87A32.78,32.78,0,0,0,71,87.52a33.38,33.38,0,0,0-18.32,5.55C61.57,75.21,78.08,56.14,91.14,41c3.16-3.76,6.16-7.21,8.86-10.51,2.7,3.3,5.7,6.75,8.86,10.36,19.06,22.07,45.48,52.54,45.48,76.41Z\"><\/path><\/svg>\t\t\t\t<\/a>\n\t\t\t<\/div>\n\t\t\t\t\t\t<div class=\"elementor-icon-box-content\">\n\t\t\t\t<h3 class=\"elementor-icon-box-title\">\n\t\t\t\t\t<a href=\"https:\/\/rioluisaesp.com.co\/acueducto\/\">Acueducto<\/a>\n\t\t\t\t<\/h3>\n\t\t\t\t\t\t\t<\/div>\n\t\t<\/div>\n\t\t\t\t<\/div>\n\t\t\t\t<\/div>\n\t\t\t\t\t\t<\/div>\n\t\t\t\t\t<\/div>\n\t\t<\/div>\n\t\t\t\t<div class=\"elementor-column elementor-col-25 elementor-top-column elementor-element elementor-element-158c22a\" data-id=\"158c22a\" data-element_type=\"column\">\n\t\t\t<div class=\"elementor-column-wrap elementor-element-populated\">\n\t\t\t\t\t\t\t<div class=\"elementor-widget-wrap\">\n\t\t\t\t\t\t<div class=\"elementor-element elementor-element-0e9b8a3 elementor-view-default elementor-position-top elementor-vertical-align-top elementor-widget elementor-widget-icon-box\" data-id=\"0e9b8a3\" data-element_type=\"widget\" data-widget_type=\"icon-box.default\">\n\t\t\t\t<div class=\"elementor-widget-container\">\n\t\t\t\t\t<div class=\"elementor-icon-box-wrapper\">\n\t\t\t\t\t\t<div class=\"elementor-icon-box-icon\">\n\t\t\t\t<a class=\"elementor-icon elementor-animation-grow\" href=\"https:\/\/rioluisaesp.com.co\/alcantarillado\/\">\n\t\t\t\t<svg xmlns=\"http:\/\/www.w3.org\/2000\/svg\" id=\"Capa_1\" data-name=\"Capa 1\" viewBox=\"0 0 200 200\"><path d=\"M177.81,20H143a2.19,2.19,0,0,0-2.19,2.19V32.81A2.19,2.19,0,0,0,143,35h2.71V75a10.32,10.32,0,0,1-10.31,10.31H132V78.75a2.19,2.19,0,0,0-2.19-2.19H119.17A2.19,2.19,0,0,0,117,78.75v6.56H83V78.75a2.19,2.19,0,0,0-2.19-2.19H70.21A2.19,2.19,0,0,0,68,78.75v6.56H64.58A39.73,39.73,0,0,0,24.9,125v40H22.19A2.19,2.19,0,0,0,20,167.19v10.62A2.19,2.19,0,0,0,22.19,180H57a2.19,2.19,0,0,0,2.19-2.19V167.19A2.19,2.19,0,0,0,57,165H54.27V125a10.32,10.32,0,0,1,10.31-10.31H68v6.56a2.19,2.19,0,0,0,2.19,2.19H80.83A2.19,2.19,0,0,0,83,121.25v-6.56h34v6.56a2.19,2.19,0,0,0,2.19,2.19h10.62a2.19,2.19,0,0,0,2.19-2.19v-6.56h3.44A39.73,39.73,0,0,0,175.1,75V35h2.71A2.19,2.19,0,0,0,180,32.81V22.19A2.19,2.19,0,0,0,177.81,20ZM135.42,89.69A14.7,14.7,0,0,0,150.1,75V35H162V75a26.59,26.59,0,0,1-26.56,26.56H132V89.69Zm-18.44,0v11.87H83V89.69ZM29.27,125A35.35,35.35,0,0,1,64.58,89.69H68v11.87H64.58A23.46,23.46,0,0,0,41.15,125v40H29.27Zm25.52,50.62H24.38v-6.24H54.79Zm9.79-65.31A14.7,14.7,0,0,0,49.9,125v40H45.52V125a19.08,19.08,0,0,1,19.06-19.06H68v4.37Zm14.07,8.75H72.4V80.94h6.25ZM83,110.31v-4.37h34v4.37Zm44.59,8.75h-6.25V80.94h6.25ZM170.73,75a35.35,35.35,0,0,1-35.31,35.31H132v-4.37h3.44A31,31,0,0,0,166.35,75V35h4.38Zm4.89-44.38H145.21V24.38h30.41Z\"><\/path><\/svg>\t\t\t\t<\/a>\n\t\t\t<\/div>\n\t\t\t\t\t\t<div class=\"elementor-icon-box-content\">\n\t\t\t\t<h3 class=\"elementor-icon-box-title\">\n\t\t\t\t\t<a href=\"https:\/\/rioluisaesp.com.co\/alcantarillado\/\">Alcantarillado<\/a>\n\t\t\t\t<\/h3>\n\t\t\t\t\t\t\t<\/div>\n\t\t<\/div>\n\t\t\t\t<\/div>\n\t\t\t\t<\/div>\n\t\t\t\t\t\t<\/div>\n\t\t\t\t\t<\/div>\n\t\t<\/div>\n\t\t\t\t<div class=\"elementor-column elementor-col-25 elementor-top-column elementor-element elementor-element-40c824d\" data-id=\"40c824d\" data-element_type=\"column\">\n\t\t\t<div class=\"elementor-column-wrap elementor-element-populated\">\n\t\t\t\t\t\t\t<div class=\"elementor-widget-wrap\">\n\t\t\t\t\t\t<div class=\"elementor-element elementor-element-d07e0e0 elementor-view-default elementor-position-top elementor-vertical-align-top elementor-widget elementor-widget-icon-box\" data-id=\"d07e0e0\" data-element_type=\"widget\" data-widget_type=\"icon-box.default\">\n\t\t\t\t<div class=\"elementor-widget-container\">\n\t\t\t\t\t<div class=\"elementor-icon-box-wrapper\">\n\t\t\t\t\t\t<div class=\"elementor-icon-box-icon\">\n\t\t\t\t<a class=\"elementor-icon elementor-animation-grow\" href=\"https:\/\/rioluisaesp.com.co\/aseo\/\">\n\t\t\t\t<svg xmlns=\"http:\/\/www.w3.org\/2000\/svg\" id=\"Capa_1\" data-name=\"Capa 1\" viewBox=\"0 0 200 200\"><path d=\"M164.19,50.65h-8.76L148,23.28A3.07,3.07,0,0,0,145,21H55a3.07,3.07,0,0,0-3,2.28L44.57,50.65H35.81a3.08,3.08,0,0,0-3.08,3.09v16a3.08,3.08,0,0,0,3.08,3.09h8.26l7.85,103.28A3.08,3.08,0,0,0,55,179h90a3.08,3.08,0,0,0,3.08-2.85l7.85-103.28h8.26a3.08,3.08,0,0,0,3.08-3.09v-16A3.08,3.08,0,0,0,164.19,50.65Zm-37.5-23.48v4.56a4.1,4.1,0,0,1-4.09,4.1H77.4a4.1,4.1,0,0,1-4.09-4.1V27.17Zm-69.33,0h9.77v4.56A10.29,10.29,0,0,0,77.4,42h45.2a10.29,10.29,0,0,0,10.27-10.27V27.17h9.78L149,50.65H51ZM161.1,66.7H113.89a3.09,3.09,0,1,0,0,6.17h35.85l-7.6,100H57.86l-7.6-100H86.11a3.09,3.09,0,1,0,0-6.17H38.9V56.82H161.1Z\"><\/path><path d=\"M100,90.35a8.6,8.6,0,0,0-7.51,4.33l-7.56,13.1-6.34,1.7a3.09,3.09,0,1,0,1.6,6l.38-.1-8.67,15a8.67,8.67,0,0,0,7.51,13h15l4.75,4.76a3.09,3.09,0,0,0,4.36-4.37l-.39-.39h17.42a8.67,8.67,0,0,0,7.51-13l-7.48-13,1.73-6.44a3.09,3.09,0,0,0-6-1.6l-.13.48-8.74-15.15A8.6,8.6,0,0,0,100,90.35Zm22.75,45.58a2.43,2.43,0,0,1-2.16,1.25H103.17l.39-.39a3.08,3.08,0,0,0-4.36-4.36l-4.75,4.75h-15a2.5,2.5,0,0,1-2.16-3.74L86,118.23l.19.69a3.07,3.07,0,0,0,3,2.28,3.19,3.19,0,0,0,.8-.1,3.09,3.09,0,0,0,2.18-3.78l-1.78-6.65,7.45-12.9a2.49,2.49,0,0,1,4.32,0L110.94,113l-.57-.16a3.09,3.09,0,0,0-1.6,6l6.54,1.75,7.44,12.9a2.41,2.41,0,0,1,0,2.49Z\"><\/path><path d=\"M100,72.87a3.09,3.09,0,1,0-2.18-.9A3.11,3.11,0,0,0,100,72.87Z\"><\/path><\/svg>\t\t\t\t<\/a>\n\t\t\t<\/div>\n\t\t\t\t\t\t<div class=\"elementor-icon-box-content\">\n\t\t\t\t<h3 class=\"elementor-icon-box-title\">\n\t\t\t\t\t<a href=\"https:\/\/rioluisaesp.com.co\/aseo\/\">Aseo<\/a>\n\t\t\t\t<\/h3>\n\t\t\t\t\t\t\t<\/div>\n\t\t<\/div>\n\t\t\t\t<\/div>\n\t\t\t\t<\/div>\n\t\t\t\t\t\t<\/div>\n\t\t\t\t\t<\/div>\n\t\t<\/div>\n\t\t\t\t\t\t\t\t<\/div>\n\t\t\t\t\t<\/div>\n\t\t<\/section>\n\t\t\t\t\t\t<\/div>\n\t\t\t\t\t\t<\/div>\n\t\t\t\t\t<\/div>\n\t\t","protected":false},"excerpt":{"rendered":"<p>Noticias Informaci\u00f3n general Secci\u00f3n de contenidos Informaci\u00f3n general de inter\u00e9s p\u00fablico acerca de la contrataci\u00f3n de la empresa de servicios p\u00fablicos RIO LUISA S.A. Servicios de gesti\u00f3n Nuestra oferta de servicio. Acueducto Alcantarillado Aseo<\/p>\n","protected":false},"author":1,"featured_media":0,"parent":0,"menu_order":0,"comment_status":"closed","ping_status":"closed","template":"elementor_canvas","meta":[],"yoast_head":"<!-- This site is optimized with the Yoast SEO plugin v15.9 - https:\/\/yoast.com\/wordpress\/plugins\/seo\/ -->\n<title>Noticias - Rio Luisa S.A. | E.S.P.<\/title>\n<meta name=\"description\" content=\"Secci\u00f3n de noticias de la empresa Rio Luisa S.A. - E.S.P. relacionados con comunicados, prensa, convocatorias, licitaciones, entre otros.\" \/>\n<meta name=\"robots\" content=\"index, follow, max-snippet:-1, max-image-preview:large, max-video-preview:-1\" \/>\n<link rel=\"canonical\" href=\"https:\/\/rioluisaesp.com.co\/?page_id=356\" \/>\n<meta property=\"og:locale\" content=\"es_ES\" \/>\n<meta property=\"og:type\" content=\"article\" \/>\n<meta property=\"og:title\" content=\"Noticias - Rio Luisa S.A. | E.S.P.\" \/>\n<meta property=\"og:description\" content=\"Secci\u00f3n de noticias de la empresa Rio Luisa S.A. - E.S.P. relacionados con comunicados, prensa, convocatorias, licitaciones, entre otros.\" \/>\n<meta property=\"og:url\" content=\"https:\/\/rioluisaesp.com.co\/?page_id=356\" \/>\n<meta property=\"og:site_name\" content=\"Rio Luisa ESP\" \/>\n<meta property=\"article:modified_time\" content=\"2020-12-15T20:18:29+00:00\" \/>\n<meta name=\"twitter:card\" content=\"summary_large_image\" \/>\n<script type=\"application\/ld+json\" class=\"yoast-schema-graph\">{\"@context\":\"https:\/\/schema.org\",\"@graph\":[{\"@type\":\"WebSite\",\"@id\":\"https:\/\/rioluisaesp.com.co\/#website\",\"url\":\"https:\/\/rioluisaesp.com.co\/\",\"name\":\"Rio Luisa ESP\",\"description\":\"San Luis\",\"potentialAction\":[{\"@type\":\"SearchAction\",\"target\":\"https:\/\/rioluisaesp.com.co\/?s={search_term_string}\",\"query-input\":\"required name=search_term_string\"}],\"inLanguage\":\"es\"},{\"@type\":\"WebPage\",\"@id\":\"https:\/\/rioluisaesp.com.co\/?page_id=356#webpage\",\"url\":\"https:\/\/rioluisaesp.com.co\/?page_id=356\",\"name\":\"Noticias - Rio Luisa S.A. | E.S.P.\",\"isPartOf\":{\"@id\":\"https:\/\/rioluisaesp.com.co\/#website\"},\"datePublished\":\"2020-11-07T18:19:08+00:00\",\"dateModified\":\"2020-12-15T20:18:29+00:00\",\"description\":\"Secci\\u00f3n de noticias de la empresa Rio Luisa S.A. - E.S.P. relacionados con comunicados, prensa, convocatorias, licitaciones, entre otros.\",\"breadcrumb\":{\"@id\":\"https:\/\/rioluisaesp.com.co\/?page_id=356#breadcrumb\"},\"inLanguage\":\"es\",\"potentialAction\":[{\"@type\":\"ReadAction\",\"target\":[\"https:\/\/rioluisaesp.com.co\/?page_id=356\"]}]},{\"@type\":\"BreadcrumbList\",\"@id\":\"https:\/\/rioluisaesp.com.co\/?page_id=356#breadcrumb\",\"itemListElement\":[{\"@type\":\"ListItem\",\"position\":1,\"item\":{\"@type\":\"WebPage\",\"@id\":\"https:\/\/rioluisaesp.com.co\/\",\"url\":\"https:\/\/rioluisaesp.com.co\/\",\"name\":\"Portada\"}},{\"@type\":\"ListItem\",\"position\":2,\"item\":{\"@type\":\"WebPage\",\"@id\":\"https:\/\/rioluisaesp.com.co\/?page_id=356\",\"url\":\"https:\/\/rioluisaesp.com.co\/?page_id=356\",\"name\":\"Contratos\"}}]}]}<\/script>\n<!-- \/ Yoast SEO plugin. -->","_links":{"self":[{"href":"https:\/\/rioluisaesp.com.co\/index.php?rest_route=\/wp\/v2\/pages\/356"}],"collection":[{"href":"https:\/\/rioluisaesp.com.co\/index.php?rest_route=\/wp\/v2\/pages"}],"about":[{"href":"https:\/\/rioluisaesp.com.co\/index.php?rest_route=\/wp\/v2\/types\/page"}],"author":[{"embeddable":true,"href":"https:\/\/rioluisaesp.com.co\/index.php?rest_route=\/wp\/v2\/users\/1"}],"replies":[{"embeddable":true,"href":"https:\/\/rioluisaesp.com.co\/index.php?rest_route=%2Fwp%2Fv2%2Fcomments&post=356"}],"version-history":[{"count":4,"href":"https:\/\/rioluisaesp.com.co\/index.php?rest_route=\/wp\/v2\/pages\/356\/revisions"}],"predecessor-version":[{"id":574,"href":"https:\/\/rioluisaesp.com.co\/index.php?rest_route=\/wp\/v2\/pages\/356\/revisions\/574"}],"wp:attachment":[{"href":"https:\/\/rioluisaesp.com.co\/index.php?rest_route=%2Fwp%2Fv2%2Fmedia&parent=356"}],"curies":[{"name":"wp","href":"https:\/\/api.w.org\/{rel}","templated":true}]}}